lculate the greatest common divisor of c and 17798.
22
Let i = 65507 + -35043. Calculate the highest common divisor of i and 119.
119
Suppose -u = -4*a - 235 + 820, -5*u = a - 162. Let g be 6 + 10/(50/(-15)). Suppose 18 = 4*f + 2, 2*d - g*f = 30. What is the highest common factor of a and d?
21
Suppose 0 = 3*p + d - 139, 7*d - 10 = 9*d. What is the highest common divisor of 520 and p?
8
Let x be ((-282)/423)/(2/(-15)). Let g(b) = 5*b**3 + b**2 - 2*b. Let d be g(2). What is the greatest common divisor of d and x?
5
Suppose 3677 + 163 = 16*h. What is the greatest common factor of h and 72?
24
Let c = 97 - 62. Suppose -c*d + 33*d = 0. Let y be (2*3)/(6/9 - d). Calculate the greatest common divisor of y and 117.
9
Suppose 3*b = -3*g + 69, -4*g = -5*b + 290 - 391. Calculate the highest common divisor of g and 3552.
24
Let r(z) = -z**2 - 3*z + 25. Let h be r(0). Suppose -225 = -14*k - 10*k + 15. Calculate the greatest common factor of h and k.
5
Let t be (-440)/(-60)*(-228)/(-8). Calculate the highest common factor of 1539 and t.
19
Let c = -337 - -592. Let g = c + -175. Calculate the highest common divisor of 48 and g.
16
Let v = 9665 + -9645. Calculate the greatest common factor of v and 16740.
20
Let b = -4 - -44. Suppose b*d = 36*d + 520. What is the greatest common divisor of d and 78?
26
Let x be 0 + 4 - (5 + (0 - 3)). Let s(t) = 0*t**3 + 18*t**x - 35 + 27 + t**3 + 6*t - 6*t**2. Let i be s(-11). What is the greatest common factor of i and 329?
47
Suppose -3*r + 37*c - 42*c = -82, 2*r + 34 = 3*c. Let w be 26/(-4)*-18 - 1. What is the greatest common factor of r and w?
4
Let o(f) = f**2 + 13*f + 7. Let g be o(-13). What is the highest common factor of 1624 and g?
7
Let d be (-61)/915 - 122/(-30). What is the highest common factor of d and 262?
2
Let a = -2342 + 2362. Suppose 0*c + 3*c = -24. Let p(d) = d**3 + 8*d**2 - d + 2. Let v be p(c). Calculate the highest common divisor of a and v.
10
Let s(u) = -54*u - 911. Let a be s(-17). What is the highest common factor of 49 and a?
7
Let f = -9405 - -9535. Calculate the highest common divisor of 17810 and f.
130
Suppose 1354*g - 1334*g = 2400. Calculate the highest common divisor of g and 864.
24
Let s = -52 - -223. Let l be (-4)/(-4 - (-14)/4). Suppose l = r - 11. What is the greatest common factor of s and r?
19
Let p be -8 - -10 - 431*-2 - 2. Suppose -3*t + 1496 + p = 2*n, 0 = 4*t + 2*n - 3142. Calculate the highest common factor of 16 and t.
16
Let g be -533*63/(-1365) + (-9)/15*1. Calculate the greatest common factor of g and 6060.
12
Suppose -4*p = -2*u + 5 + 33, 4*u - 4*p = 60. Suppose -2*q + 3652 = 2*q. Calculate the greatest common divisor of u and q.
11
Suppose 65*x + 679 = 5359. Suppose 0 = 80*w - x*w - 616. What is the highest common factor of w and 176?
11
Suppose -95 + 1765 = 10*l. Calculate the greatest common factor of 2 and l.
1
Let y be -9*(3/12)/(15/(-2540)). Let s be -7 - y/(3/(-1)). Calculate the greatest common factor of 12 and s.
12
Let y be (11 + 1739)/7 - -2. Calculate the highest common divisor of 896 and y.
28
Let y(s) = -s**3 + 23*s**2 + 33*s - 8. Let b be y(24). Suppose 48*k - b - 32 = 0. Calculate the highest common divisor of 55 and k.
5
Let g(n) = 141*n + 9. Let y be g(4). Suppose h = y + 12. Suppose -9*d + h = -0*d. What is the greatest common divisor of 13 and d?
13
Let b = 432 + -255. Let v = b - 153. What is the greatest common factor of 312 and v?
24
Suppose 360*q - 361*q = -w + 361, -2*w + 717 = 3*q. Calculate the greatest common divisor of w and 333.
9
Let g(l) = 6*l + 10. Let i be g(-8). Let j = i + 65. Let w = -6352 - -6595. Calculate the highest common divisor of w and j.
27
Let d be 35*((-57)/(-7) + -9). Let f be d/(-8)*(-520)/(-78). What is the highest common factor of 275 and f?
25
Let m be -21*(-1 + (-105)/9). Let v be (-1896)/(-68) - (-20)/170. Calculate the greatest common factor of v and m.
14
Let g = 1327 - 1117. Calculate the greatest common factor of g and 3255.
105
Let w = 15 - 16. Let n be 14/((-2 - -3)/w). Let x be (-174)/n + (-12)/28. What is the highest common divisor of 12 and x?
12
Let b be (-1)/(-1*2/24). Let q(j) = -j**2 - 7*j + 56. Let o be q(-11). Suppose o*r = 17*r - 300. What is the highest common divisor of r and b?
12
Let n be 5 + -2 + (-22 - -27). Suppose -n*q + 63 = -5*q. Calculate the greatest common divisor of 70 and q.
7
Suppose -22*i - 133 = -b - 27*i, b - 2*i - 161 = 0. Let p be (-5 - -1)/((-8)/68). Calculate the highest common factor of b and p.
17
Suppose f = -51*x + 49*x + 599, 2*f = -5*x + 1195. Calculate the highest common factor of f and 11.
11
Suppose -7*j + 400 = j. Suppose -5*q = -b - 3 + 2, 2*q + j = 4*b. Suppose b*f - 16*f = -78. Calculate the greatest common divisor of f and 52.
13
Let w = 2020 - 2010. Let u = -108 - -203. What is the greatest common factor of u and w?
5
Suppose -n - 7*a + 3435 = 0, 10*n - 13692 = 6*n - 4*a. Calculate the greatest common divisor of n and 11.
11
Let z = -25581 + 25595. Let j(f) = 3*f + 8. Let g be j(10). Calculate the greatest common factor of z and g.
2
Let x = 14719 - 14488. What is the greatest common divisor of 588 and x?
21
Let w = -14452 + 15041. What is the greatest common factor of 133 and w?
19
Suppose 0 = -7*j + 11*j - 48. Let n = 13 + j. Calculate the greatest common divisor of 5 and n.
5
Let k = 2790 + -2786. Calculate the highest common factor of 412 and k.
4
Suppose -979 - 13034 = -34*c + 2409. Calculate the greatest common factor of 4025 and c.
161
Suppose -13*o - 6 = -16*o. Suppose o*m + 130 - 234 = 0. What is the greatest common factor of m and 65?
13
Suppose -4*u + 91 = 43. Let g be 1582/u - 4/(-24). What is the greatest common factor of g and 12?
12
Let r = 338 - -208. Let z be (-1674)/(-20) - ((-630)/100 + 6). What is the greatest common divisor of r and z?
42
Suppose 11*m = 7*m - 4, -5*m = -5*c + 122680. What is the highest common divisor of 5 and c?
5
Suppose 0 = -3*s + q + 71, -s + 2*q + 28 = -4. Suppose -w = 2*l - 350, 278 = 4*l + w - 424. Calculate the greatest common divisor of s and l.
22
Suppose 1346*b + 9*b = 36304 + 15186. Let v be 1071/1 - (1 - 1). Suppose -v = -3*g - 45. What is the highest common factor of g and b?
38
Let w be (-84)/(-154)*-11 + 14. Let t = -358 + 590. Calculate the greatest common factor of t and w.
8
Let u be (104*-1)/(217/(-1519)). What is the greatest common factor of 6097 and u?
91
Suppose -3*s + 169 = -206. Let d = s + -120. Suppose d*f = 5*y - 4*y + 5, 5*y - 35 = 5*f. What is the highest common divisor of y and 60?
10
Suppose -5*o + 34 + 131 = 0. Suppose -3*q + o + 42 = 0. Suppose x - q = -5*k, -3*k - 100 = -4*x - 5*k. What is the highest common factor of x and 10?
5
Suppose 28825 + 25520 = 50*b - 5655. Calculate the greatest common divisor of b and 32.
16
Let q be (-5)/(-10)*-1*-52. Let j(a) = 63*a - 6 - 29*a - q*a. Let h be j(3). What is the highest common factor of h and 27?
9
Suppose 0*p = 56*p - 179872. What is the greatest common divisor of p and 730?
146
Let y = -8678 - -8684. Calculate the highest common factor of 1443 and y.
3
Suppose 5*g - 4*g = 4*u, 3*g + 5*u = 34. Suppose -12 = -2*c + g. Suppose c*p - 142 = 48. What is the greatest common factor of 133 and p?
19
Let l = 995 - 978. Let s(f) = -97*f + 3. Let d be s(-4). Calculate the highest common factor of l and d.
17
Let t(b) = b - 1. Let r(s) = 5*s - 3. Let v(h) = -2*r(h) + 9*t(h). Let f be v(-10). What is the greatest common divisor of 35 and f?
7
Let q(i) = -2*i**2 + 5*i + 122. Let a be q(9). Suppose -5*p - a*g + 11 = -8*g, -p - 2*g = 3. Calculate the highest common divisor of 7 and p.
1
Let s(g) = -g**3 + 13*g**2 - 13*g + 20. Let k be s(12). Calculate the highest common divisor of k and 664.
8
Suppose 4*b + 38 = -58. Let a = 64 + b. Suppose 0 = -4*u + a + 24. Calculate the highest common divisor of u and 2.
2
Let h be (-1894)/(-14) + 362/(-1267). What is the highest common factor of 30915 and h?
135
Suppose -5*x + 47 = -4*o, 4*x - 3 = -4*o + 49. Let a be 68/20 - 6/15. Suppose -c + 2*s = 4*s - 24, a*c = s + 65. Calculate the highest common factor of x and c.
11
Suppose -393 = 19*n - 434 - 795. Calculate the highest common factor of n and 1518.
22
Let z = 6404 - 5618. Calculate the highest common factor of z and 30.
6
Let f be (26/(-78))/(2 + 487/(-243)). Ca